7?
2, 3, 47
List the prime factors of (-34 + 30)/(1/(-401)).
2, 401
Let k(o) = 2 - 1 + 1 - 6 - 7*o. What are the prime factors of k(-4)?
2, 3
List the prime factors of (1818/(-24))/(-3*4/416).
2, 13, 101
Let k(z) = 10*z - 19. Let p be k(5). Suppose 8*l = 3*l + 195. Suppose -p = -5*y + l. What are the prime factors of y?
2, 7
Let y(f) = -36*f + 13. What are the prime factors of y(-26)?
13, 73
Let l(u) = 33*u + 3. Suppose 5 = -h + 3. Let q be l(h). Let t = -37 - q. What are the prime factors of t?
2, 13
Let a be (-33)/22*(-32)/3. Suppose y = 3*p - 167, -4*y - a + 132 = 2*p. List the prime factors of p.
2, 7
Let z(h) = 6*h + 26. Let i be z(9). Let k = -28 + i. List the prime factors of k.
2, 13
Let h = -35 + 20. Suppose 4*k + 245 = -45*k. What are the prime factors of (h/(-6))/(k/(-20))?
2, 5
Let l = 24 + -24. Suppose 5*s = -l*s + 3*a + 371, -5*s + 389 = 3*a. What are the prime factors of s?
2, 19
Suppose 19*y = 59334 + 48263. List the prime factors of y.
7, 809
Let k(x) be the first derivative of x**3/3 - x**2/2 + 30*x - 5. Let c be k(0). Suppose 3*u = c + 24. What are the prime factors of u?
2, 3
Let b = 1669 - -17. What are the prime factors of b?
2, 3, 281
What are the prime factors of -47*((-28)/9 - (-46)/414)?
3, 47
Let q be -1 + 1/(-2) + 69/(-6). Let x = q - -149. What are the prime factors of x?
2, 17
Let i be 22/33 + 26/6. Suppose -11 = i*s - 2*w - 71, -5*w - 15 = s. List the prime factors of ((-12)/s)/((-15)/50).
2
Suppose l + 3*h - 33 = 0, -h - 4*h + 125 = 4*l. What are the prime factors of l?
2, 3, 5
Let w be -6 + 6 + (-2 - 11). Let p = w + 22. List the prime factors of p.
3
Let r(s) = -s - 3. Let f be r(-8). Suppose -g - 17 = -5*p, -2*p + f = -3*g + 2*g. Let x(n) = n + 1. What are the prime factors of x(g)?
2
Let p be 1 - (-4 + 1 + 91). Let o = 163 + p. Suppose 3*y - o = -y. List the prime factors of y.
19
What are the prime factors of 123004/230 + (-2)/(-10)?
5, 107
Let h be (-52)/(-3) + (-2)/6. Suppose -d = -3*j + 3, -8*d - j + 17 = -11*d. Let q = d + h. What are the prime factors of q?
11
What are the prime factors of 10074/(-9)*78/(-52)?
23, 73
Suppose -3*w - 15 - 6 = 0. Let x(j) = j**2 + 5*j - 3. List the prime factors of x(w).
11
Suppose 4*b = -0*b + 24. Let f(q) = q**3 - 4*q**2 - 9*q + 11. What are the prime factors of f(b)?
29
Let m be (-4)/22 + 581/(-11). Let s = m + 105. What are the prime factors of s?
2, 13
Let k(o) = 16*o**2 - 17*o - 21. What are the prime factors of k(8)?
3, 17
Suppose 0 = -5*i + f + f - 232, -4*f + 4 = 0. Let q = -18 - i. List the prime factors of (-1)/(-4) - (-917)/q.
3, 11
Let b(k) = -k**3 + 12*k**2 + 15*k + 6. Suppose -w = -1, 5*i - 116 - 117 = 2*w. Suppose -2*x - x = -4*z - i, -2*x + 20 = 3*z. List the prime factors of b(x).
2
Let l be 6/(36/10)*3. Suppose -5*q - 4*d + 410 = 0, l*q - 63 - 312 = 3*d. What are the prime factors of q?
2, 3, 13
Suppose 5*m - 3895 = 515. What are the prime factors of m?
2, 3, 7
Let i be 70/25 + (-2)/(-10). Suppose 0 = -i*q - q. List the prime factors of (q - 2) + 23 + -4.
17
Let s be (20 + -56)/(3/(-2)). Suppose -r = -3*p - 7, -r + s + 11 = 4*p. What are the prime factors of r?
19
Let f = 20 - 17. Suppose 0 = 5*h - 4*z + 3*z - 10, 2*z + 6 = f*h. What are the prime factors of h?
2
Suppose -229 - 351 = -5*t. List the prime factors of t.
2, 29
List the prime factors of (-20)/18 + 84248/72.
7, 167
Suppose 0 = -4*k, -5*x + 206 = -k - 984. Let m = x + -111. List the prime factors of m.
127
Let a = 45 - 31. List the prime factors of 211/(-2)*-1 + (-21)/a.
2, 13
Let d be (28/(-5))/(2/(-5)). Suppose -p - 2*p - y - d = 0, y = -4*p - 17. List the prime factors of 16/(-2 - p - -1).
2
Let u(j) = 6*j**3 - j**2 - j. Let d be u(2). Let y = -31 + d. What are the prime factors of y?
11
Let k(s) = 24*s + 32. Let l be k(-8). Let p = l + 275. List the prime factors of p.
5, 23
Let u(s) = -1336*s - 3. List the prime factors of u(-3).
3, 5, 89
Let o(b) = 285*b**2 + 3*b. List the prime factors of o(1).
2, 3
What are the prime factors of 14210/20*120/35?
2, 3, 7, 29
What are the prime factors of ((-160)/(-16) - (-5)/(-1)) + 491?
2, 31
Let s(t) = t**3 - 4*t - 6. Let z = -3 + 8. Suppose 3*y + 2*p - 17 = p, -2*y - z*p + 33 = 0. List the prime factors of s(y).
2, 3, 7
Let h(f) be the third derivative of 11*f**4/24 - 6*f**3 + 20*f**2. List the prime factors of h(8).
2, 13
Let s be 3/3 + 3 + 41. Let h be (54/s)/(1/25). Let y = h + 19. List the prime factors of y.
7
Let v(b) = -2*b + 1. Let z be v(-1). Let o be (z/(-1))/((-2)/8). List the prime factors of ((-46)/(-6))/(4/o).
23
Let h = 140 - 200. Let x = h - -187. What are the prime factors of x?
127
Suppose 0 = -2*j - 2*v + 2230, -2*v + 1240 = j + 124. What are the prime factors of j?
2, 557
List the prime factors of (0 - 11)*(-38 + 9).
11, 29
Suppose -y + 9 = -5*r, -3*y - 2*r + 7 = -20. List the prime factors of (-462)/y*(-6)/4.
7, 11
Suppose 6*s - 32396 = -7*s. What are the prime factors of s?
2, 7, 89
Let t = 1977 - 1329. What are the prime factors of t?
2, 3
Let p = -22 + 14. Let j(v) = 2*v**3 - v**3 + v + 9*v**2 - 8 + 0*v**3. List the prime factors of j(p).
2, 3
Suppose l = 3*c - 5769 - 723, -2*c = 4*l - 4328. What are the prime factors of c?
2, 541
Let x(s) be the first derivative of 5*s**4/12 + s**3/2 + 5*s**2/2 + 1. Let t(z) be the second derivative of x(z). What are the prime factors of t(2)?
23
Let b(g) = -3*g + 11 - 4 + 3*g - g. Suppose 2*q = 3*c - c - 20, 0 = -3*q - c - 10. List the prime factors of b(q).
2, 3
Let x(q) = -38*q + 219. List the prime factors of x(-28).
1283
Suppose 2*x = -0*r - r + 538, -r = x - 271. Let l = x + -142. List the prime factors of l.
5
Let z be 9/2*(-124)/(-93). Let y = -1 - -2. Suppose c + y = z. What are the prime factors of c?
5
Let u = 122 - 49. Let d = u - 39. List the prime factors of d.
2, 17
Let t = 11 - 4. Suppose 4*o = 2*q - 14, 0 = 3*q + 4*o - 3*o - t. Suppose -2*w = -q*w + 6. What are the prime factors of w?
2, 3
Let s(g) = g - 2. Let j be s(7). Suppose -j*x + 24 = -x. Let y(u) = 2*u + 11. What are the prime factors of y(x)?
23
Let m(t) = t**2 + 11*t + 12. Let l be m(-11). Let r be (-64)/l*45/(-12). Suppose -4*c + r = c. List the prime factors of c.
2
Suppose -49*n + 1960 = -42*n. What are the prime factors of n?
2, 5, 7
Let n(y) = 3*y**2 + y + 2. Suppose 3*i = -0*i - 5*q - 19, i - 3 = 3*q. Let f be n(i). List the prime factors of (f/(-5))/((-2)/10).
2, 13
Let x = 833 + -323. List the prime factors of x.
2, 3, 5, 17
Suppose -3*v - 2 + 11 = -g, 3*v + 2*g = 18. Suppose v*f + 70 = 214. List the prime factors of f.
2, 3
Let s(m) = -m**3 + 7*m**2 - 3*m + 15. Let j be s(5). Let x = 82 - j. What are the prime factors of x?
2
Suppose 1003 = i - 5*n - 512, 5*i - 7715 = -3*n. List the prime factors of i.
2, 5, 7, 11
Let k be (-1198)/(-3 - -4) + (0 - -3). List the prime factors of k/(-9) - (-2)/54*6.
7, 19
Let x(h) = h - 1. Let n be x(5). Suppose n*p - 4 = -4*o, -5 - 3 = -3*p + 2*o. List the prime factors of (2 - 1) + p + 24.
3
Suppose -2*m + m + 3 = 0. Suppose 25 = s - 4*s + 5*n, 4*n - 20 = 0. Suppose s*q + 4*q = m*r - 86, -148 = -4*r - 3*q. List the prime factors of r.
2, 17
Let o = -66 + 74. Suppose 0*r - 112 = -o*r. What are the prime factors of r?
2, 7
Let l(i) = -5*i**2 - 2*i + 1 + i + 17*i**2. What are the prime factors of l(-2)?
3, 17
What are the prime factors of 2006 + -5 + 9 - (-5 + -1)?
2, 3, 7
Suppose 4*b - 15 = 17. What are the prime factors of b/12 - 178/(-3)?
2, 3, 5
Let i(m) = 1905*m - 24. List the prime factors of i(1).
3, 11, 19
Let z(n) = n - 6. Let i be z(3). Let h be (0 - 45)/(i + 4). Let j = -31 - h. List the prime factors of j.
2, 7
What are the prime factors of 291 + (-128)/40 + (-1)/(-5)?
2, 3
Let y = 62 - 59. Suppose -3*m + 7*m - 117 = -y*a, -114 = -4*m - 2*a. List the prime factors of m.
3
Suppose 0 = n + 3, n - 17 = -0*a - 5*a. Suppose -y + a*y = 255. What are the prime factors of y?
5, 17
Let d be ((-22)/(-33))/(4/(-78)). Let c = d + 18. Suppose c*i + 48 = 198. What are the prime factors of i?
2, 3, 5
Suppose -2*j - 12 = -8*j. Suppose c = 2*h + j*c - 359, 0 = h - 5*c - 174. What are the prime factors of h?
179
Let p = 8 - 5. Let m be p/1*3 + -4. Suppose 80 = m*u - 190. What are the prime factors of u?
2, 3
Suppose -2*p - 5*n = -1194, 2131 + 277 = 4*p + 5*n. What are the prime